{"id":40,"date":"2024-08-02T13:24:07","date_gmt":"2024-08-02T11:24:07","guid":{"rendered":"https:\/\/esia-avocats.fr\/?page_id=40"},"modified":"2025-08-12T17:01:52","modified_gmt":"2025-08-12T15:01:52","slug":"blog","status":"publish","type":"page","link":"https:\/\/esia-avocats.fr\/index.php\/blog\/","title":{"rendered":"Le Cabinet"},"content":{"rendered":"\n<p>Le Cabinet ESIA AVOCATS est actuellement compos\u00e9 de 2 avocats ayant chacun leurs domaines de comp\u00e9tence sp\u00e9cifiques, de Madame Dominique DOURLENT, 1er clerc, de Madame Angela FAGARD, clerc et de Madame B\u00e9n\u00e9dicte LIMOUZY, assistante juridique.<\/p>\n\n\n\n<div class=\"wp-block-buttons is-layout-flex wp-block-buttons-is-layout-flex\">\n<div class=\"wp-block-button\"><a class=\"wp-block-button__link wp-element-button\" href=\"https:\/\/esia-avocats.fr\/index.php\/blog\/sophie-lanckriet\/\">Sophie LANCKRIET<\/a><\/div>\n<\/div>\n\n\n\n<div class=\"wp-block-buttons is-layout-flex wp-block-buttons-is-layout-flex\">\n<div class=\"wp-block-button\"><a class=\"wp-block-button__link wp-element-button\" href=\"https:\/\/esia-avocats.fr\/index.php\/blog\/marie-duponchelle\/\">Marie DUPONCHELLE<\/a><\/div>\n<\/div>\n\n\n\n<div class=\"wp-block-buttons is-layout-flex wp-block-buttons-is-layout-flex\">\n<div class=\"wp-block-button\"><a class=\"wp-block-button__link wp-element-button\" href=\"https:\/\/esia-avocats.fr\/index.php\/blog\/dominique-dourlent\/\">Dominique DOURLENT<\/a><\/div>\n<\/div>\n\n\n\n<div class=\"wp-block-buttons is-layout-flex wp-block-buttons-is-layout-flex\">\n<div class=\"wp-block-button\"><a class=\"wp-block-button__link wp-element-button\" href=\"https:\/\/esia-avocats.fr\/index.php\/blog\/benedicte-limouzy\/\">B\u00e9n\u00e9dicte LIMOUZY<\/a><\/div>\n<\/div>\n\n\n\n<div class=\"wp-block-buttons is-layout-flex wp-block-buttons-is-layout-flex\">\n<div class=\"wp-block-button\"><a class=\"wp-block-button__link wp-element-button\" href=\"https:\/\/esia-avocats.fr\/index.php\/blog\/angela-fagard\/\">Angela FAGARD<\/a><\/div>\n<\/div>\n","protected":false},"excerpt":{"rendered":"<p>Le Cabinet ESIA AVOCATS est actuellement compos\u00e9 de 2 avocats ayant chacun leurs domaines de comp\u00e9tence sp\u00e9cifiques, de Madame Dominique DOURLENT, 1er clerc, de Madame Angela FAGARD, clerc et de Madame B\u00e9n\u00e9dicte LIMOUZY, assistante juridique.<\/p>\n","protected":false},"author":1,"featured_media":78,"parent":0,"menu_order":0,"comment_status":"closed","ping_status":"closed","template":"","meta":{"footnotes":""},"class_list":["post-40","page","type-page","status-publish","has-post-thumbnail","hentry"],"_links":{"self":[{"href":"https:\/\/esia-avocats.fr\/index.php\/wp-json\/wp\/v2\/pages\/40","targetHints":{"allow":["GET"]}}],"collection":[{"href":"https:\/\/esia-avocats.fr\/index.php\/wp-json\/wp\/v2\/pages"}],"about":[{"href":"https:\/\/esia-avocats.fr\/index.php\/wp-json\/wp\/v2\/types\/page"}],"author":[{"embeddable":true,"href":"https:\/\/esia-avocats.fr\/index.php\/wp-json\/wp\/v2\/users\/1"}],"replies":[{"embeddable":true,"href":"https:\/\/esia-avocats.fr\/index.php\/wp-json\/wp\/v2\/comments?post=40"}],"version-history":[{"count":15,"href":"https:\/\/esia-avocats.fr\/index.php\/wp-json\/wp\/v2\/pages\/40\/revisions"}],"predecessor-version":[{"id":484,"href":"https:\/\/esia-avocats.fr\/index.php\/wp-json\/wp\/v2\/pages\/40\/revisions\/484"}],"wp:featuredmedia":[{"embeddable":true,"href":"https:\/\/esia-avocats.fr\/index.php\/wp-json\/wp\/v2\/media\/78"}],"wp:attachment":[{"href":"https:\/\/esia-avocats.fr\/index.php\/wp-json\/wp\/v2\/media?parent=40"}],"curies":[{"name":"wp","href":"https:\/\/api.w.org\/{rel}","templated":true}]}}