{"id":39,"date":"2024-08-02T13:24:07","date_gmt":"2024-08-02T11:24:07","guid":{"rendered":"https:\/\/esia-avocats.fr\/?page_id=39"},"modified":"2025-08-12T17:03:55","modified_gmt":"2025-08-12T15:03:55","slug":"contact","status":"publish","type":"page","link":"https:\/\/esia-avocats.fr\/index.php\/contact\/","title":{"rendered":"Informations pratiques"},"content":{"rendered":"\n<p>Nos avocats vous re\u00e7oivent aux cabinets de Compi\u00e8gne ou Noyon sur rendez-vous. Des entretiens t\u00e9l\u00e9phoniques ou en visio sont \u00e9galement possibles.<\/p>\n\n\n\n<p>Chacun des avocats pourra consulter au domicile ou en tout autre lieu utile. <\/p>\n\n\n\n<p>Les locaux de COMPIEGNE et de NOYON sont accessibles aux personnes \u00e0 mobilit\u00e9 r\u00e9duite.<\/p>\n\n\n\n<p><\/p>\n","protected":false},"excerpt":{"rendered":"<p>Nos avocats vous re\u00e7oivent aux cabinets de Compi\u00e8gne ou Noyon sur rendez-vous. Des entretiens t\u00e9l\u00e9phoniques ou en visio sont \u00e9galement possibles. Chacun des avocats pourra consulter au domicile ou en tout autre lieu utile. Les locaux de COMPIEGNE et de NOYON sont accessibles aux personnes \u00e0 mobilit\u00e9 r\u00e9duite.<\/p>\n","protected":false},"author":1,"featured_media":279,"parent":0,"menu_order":0,"comment_status":"closed","ping_status":"closed","template":"","meta":{"footnotes":""},"class_list":["post-39","page","type-page","status-publish","has-post-thumbnail","hentry"],"_links":{"self":[{"href":"https:\/\/esia-avocats.fr\/index.php\/wp-json\/wp\/v2\/pages\/39","targetHints":{"allow":["GET"]}}],"collection":[{"href":"https:\/\/esia-avocats.fr\/index.php\/wp-json\/wp\/v2\/pages"}],"about":[{"href":"https:\/\/esia-avocats.fr\/index.php\/wp-json\/wp\/v2\/types\/page"}],"author":[{"embeddable":true,"href":"https:\/\/esia-avocats.fr\/index.php\/wp-json\/wp\/v2\/users\/1"}],"replies":[{"embeddable":true,"href":"https:\/\/esia-avocats.fr\/index.php\/wp-json\/wp\/v2\/comments?post=39"}],"version-history":[{"count":7,"href":"https:\/\/esia-avocats.fr\/index.php\/wp-json\/wp\/v2\/pages\/39\/revisions"}],"predecessor-version":[{"id":490,"href":"https:\/\/esia-avocats.fr\/index.php\/wp-json\/wp\/v2\/pages\/39\/revisions\/490"}],"wp:featuredmedia":[{"embeddable":true,"href":"https:\/\/esia-avocats.fr\/index.php\/wp-json\/wp\/v2\/media\/279"}],"wp:attachment":[{"href":"https:\/\/esia-avocats.fr\/index.php\/wp-json\/wp\/v2\/media?parent=39"}],"curies":[{"name":"wp","href":"https:\/\/api.w.org\/{rel}","templated":true}]}}