{"id":154,"date":"2024-08-03T13:01:32","date_gmt":"2024-08-03T11:01:32","guid":{"rendered":"https:\/\/esia-avocats.fr\/?page_id=154"},"modified":"2025-08-12T17:28:55","modified_gmt":"2025-08-12T15:28:55","slug":"marie-duponchelle","status":"publish","type":"page","link":"https:\/\/esia-avocats.fr\/index.php\/blog\/marie-duponchelle\/","title":{"rendered":"Marie DUPONCHELLE"},"content":{"rendered":"\n<figure class=\"wp-block-image size-full is-resized\"><img loading=\"lazy\" decoding=\"async\" width=\"2100\" height=\"2560\" src=\"https:\/\/esia-avocats.fr\/wp-content\/uploads\/2025\/08\/duponchellemarie-scaled.jpg\" alt=\"\" class=\"wp-image-492\" style=\"width:184px;height:auto\" srcset=\"https:\/\/esia-avocats.fr\/wp-content\/uploads\/2025\/08\/duponchellemarie-scaled.jpg 2100w, https:\/\/esia-avocats.fr\/wp-content\/uploads\/2025\/08\/duponchellemarie-246x300.jpg 246w, https:\/\/esia-avocats.fr\/wp-content\/uploads\/2025\/08\/duponchellemarie-840x1024.jpg 840w, https:\/\/esia-avocats.fr\/wp-content\/uploads\/2025\/08\/duponchellemarie-768x936.jpg 768w, https:\/\/esia-avocats.fr\/wp-content\/uploads\/2025\/08\/duponchellemarie-1260x1536.jpg 1260w, https:\/\/esia-avocats.fr\/wp-content\/uploads\/2025\/08\/duponchellemarie-1680x2048.jpg 1680w\" sizes=\"auto, (max-width: 706px) 89vw, (max-width: 767px) 82vw, 740px\" \/><figcaption class=\"wp-element-caption\">\u2002\u2002\u2002\u2002\u2002\u2002\u2002\u2002\u2002\u2002\u2002\u2002\u2002\u2002\u2002\u2002\u2002\u2002\u2002\u2002\u2002\u2002\u2002\u2002\u2002\u2002\u2002\u2002\u2002\u2002\u2002\u2002\u2002\u2002\u2002\u2002<\/figcaption><\/figure>\n\n\n\n<p><strong>Avocat associ\u00e9<\/strong><\/p>\n\n\n\n<div class=\"wp-block-group is-vertical is-layout-flex wp-container-core-group-is-layout-8cf370e7 wp-block-group-is-layout-flex\">\n<div class=\"wp-block-group\"><div class=\"wp-block-group__inner-container is-layout-constrained wp-block-group-is-layout-constrained\">\n<div class=\"wp-block-group\"><div class=\"wp-block-group__inner-container is-layout-constrained wp-block-group-is-layout-constrained\">\n<div class=\"wp-block-group is-vertical is-layout-flex wp-container-core-group-is-layout-8cf370e7 wp-block-group-is-layout-flex\">\n<p style=\"line-height:1\">Prestation de serment le 22 octobre 2012<\/p>\n\n\n\n<p style=\"line-height:1.5\">Ma\u00eetre de conf\u00e9rences associ\u00e9 en Droit priv\u00e9 &#8211; Universit\u00e9 de Picardie<br>Docteur en Droit, Paris 1 Panth\u00e9on-Sorbonne<\/p>\n<\/div>\n<\/div><\/div>\n<\/div><\/div>\n\n\n\n<p><\/p>\n\n\n\n<p>Publication th\u00e8se <a href=\"https:\/\/www.lgdj.fr\/auteurs\/duponchelle-marie.html\">\u00ab\u00a0Le droit \u00e0 l&rsquo;interop\u00e9rabilit\u00e9 &#8211; \u00c9tude de droit de la consommation\u00a0\u00bb, IRJS \u00c9ditions<\/a>, mai 2018<\/p>\n<\/div>\n\n\n\n<p><\/p>\n\n\n\n<p style=\"line-height:1\"><strong>Domaines d&rsquo;activit\u00e9 dominants : <\/strong><\/p>\n\n\n\n<p>Me Marie DUPONCHELLE exerce principalement dans les domaines de droit de l&rsquo;immobilier, de la construction (malfa\u00e7ons, r\u00e9ception des travaux, assurances dommages-ouvrage, garantie d\u00e9cennale&#8230;) et de la copropri\u00e9t\u00e9 (syndic, contestations d&rsquo;assembl\u00e9e g\u00e9n\u00e9rale de copropri\u00e9t\u00e9, r\u00e8glement de copropri\u00e9t\u00e9 &#8230;)<\/p>\n\n\n\n<p>Elle exerce \u00e9galement dans les litiges contractuels, de responsabilit\u00e9 civile (accident de la circulation&#8230;) de commerce et d&rsquo;assurance.<\/p>\n\n\n\n<p>Elle intervient enfin en droit du num\u00e9rique (site internet, commerce \u00e9lectronique, mentions l\u00e9gales et conditions g\u00e9n\u00e9rales de vente, r\u00e9seaux sociaux&#8230;)<\/p>\n\n\n\n<div class=\"wp-block-buttons is-layout-flex wp-block-buttons-is-layout-flex\">\n<div class=\"wp-block-button\"><a class=\"wp-block-button__link wp-element-button\" href=\"https:\/\/consultation.avocat.fr\/avocat-compiegne\/marie-duponchelle-43983.html\">Demande de rendez-vous en ligne<\/a><\/div>\n<\/div>\n\n\n\n<div class=\"wp-block-buttons is-content-justification-left is-layout-flex wp-container-core-buttons-is-layout-23b93fc6 wp-block-buttons-is-layout-flex\">\n<div class=\"wp-block-button\"><a class=\"wp-block-button__link wp-element-button\" href=\"https:\/\/esia-avocats.fr\/index.php\/blog\/sophie-lanckriet\/\">Sophie LANCKRIET<\/a><\/div>\n<\/div>\n\n\n\n<div class=\"wp-block-buttons is-layout-flex wp-block-buttons-is-layout-flex\">\n<div class=\"wp-block-button\"><a class=\"wp-block-button__link wp-element-button\" href=\"https:\/\/esia-avocats.fr\/index.php\/blog\/dominique-dourlent\/\">Dominique DOURLENT<\/a><\/div>\n<\/div>\n\n\n\n<div class=\"wp-block-buttons is-layout-flex wp-block-buttons-is-layout-flex\">\n<div class=\"wp-block-button\"><a class=\"wp-block-button__link wp-element-button\" href=\"https:\/\/esia-avocats.fr\/index.php\/blog\/benedicte-limouzy\/\">B\u00e9n\u00e9dicte LIMOUZY<\/a><\/div>\n<\/div>\n\n\n\n<div class=\"wp-block-buttons is-layout-flex wp-block-buttons-is-layout-flex\">\n<div class=\"wp-block-button\"><a class=\"wp-block-button__link wp-element-button\" href=\"https:\/\/esia-avocats.fr\/index.php\/blog\/angela-fagard\/\">Angela FAGARD<\/a><\/div>\n<\/div>\n","protected":false},"excerpt":{"rendered":"<p>Avocat associ\u00e9 Prestation de serment le 22 octobre 2012 Ma\u00eetre de conf\u00e9rences associ\u00e9 en Droit priv\u00e9 &#8211; Universit\u00e9 de PicardieDocteur en Droit, Paris 1 Panth\u00e9on-Sorbonne Publication th\u00e8se \u00ab\u00a0Le droit \u00e0 l&rsquo;interop\u00e9rabilit\u00e9 &#8211; \u00c9tude de droit de la consommation\u00a0\u00bb, IRJS \u00c9ditions, mai 2018 Domaines d&rsquo;activit\u00e9 dominants : Me Marie DUPONCHELLE exerce principalement dans les domaines de &hellip; <\/p>\n<p class=\"link-more\"><a href=\"https:\/\/esia-avocats.fr\/index.php\/blog\/marie-duponchelle\/\" class=\"more-link\">Continuer la lecture<span class=\"screen-reader-text\"> de &laquo;&nbsp;Marie DUPONCHELLE&nbsp;&raquo;<\/span><\/a><\/p>\n","protected":false},"author":1,"featured_media":0,"parent":40,"menu_order":0,"comment_status":"closed","ping_status":"closed","template":"","meta":{"footnotes":""},"class_list":["post-154","page","type-page","status-publish","hentry"],"_links":{"self":[{"href":"https:\/\/esia-avocats.fr\/index.php\/wp-json\/wp\/v2\/pages\/154","targetHints":{"allow":["GET"]}}],"collection":[{"href":"https:\/\/esia-avocats.fr\/index.php\/wp-json\/wp\/v2\/pages"}],"about":[{"href":"https:\/\/esia-avocats.fr\/index.php\/wp-json\/wp\/v2\/types\/page"}],"author":[{"embeddable":true,"href":"https:\/\/esia-avocats.fr\/index.php\/wp-json\/wp\/v2\/users\/1"}],"replies":[{"embeddable":true,"href":"https:\/\/esia-avocats.fr\/index.php\/wp-json\/wp\/v2\/comments?post=154"}],"version-history":[{"count":30,"href":"https:\/\/esia-avocats.fr\/index.php\/wp-json\/wp\/v2\/pages\/154\/revisions"}],"predecessor-version":[{"id":494,"href":"https:\/\/esia-avocats.fr\/index.php\/wp-json\/wp\/v2\/pages\/154\/revisions\/494"}],"up":[{"embeddable":true,"href":"https:\/\/esia-avocats.fr\/index.php\/wp-json\/wp\/v2\/pages\/40"}],"wp:attachment":[{"href":"https:\/\/esia-avocats.fr\/index.php\/wp-json\/wp\/v2\/media?parent=154"}],"curies":[{"name":"wp","href":"https:\/\/api.w.org\/{rel}","templated":true}]}}